{"id":4551,"date":"2017-06-17T06:27:08","date_gmt":"2017-06-17T06:27:08","guid":{"rendered":"https:\/\/www.bilaketa.es\/?page_id=4551\/"},"modified":"2017-06-18T09:47:07","modified_gmt":"2017-06-18T09:47:07","slug":"mariano-garcia-y-zalba","status":"publish","type":"page","link":"https:\/\/www.bilaketa.es\/eu\/aoiz-la-villa\/ikusi\/bertako-biografiak\/mariano-garcia-y-zalba\/","title":{"rendered":"Mariano Garc\u00eda y Zalba"},"content":{"rendered":"<div class=\"wpb-content-wrapper\">[vc_row padding_top=&#8221;0px&#8221; padding_bottom=&#8221;0px&#8221; border=&#8221;none&#8221; bg_video=&#8221;&#8221; class=&#8221;&#8221; style=&#8221;&#8221;][vc_column fade_animation=&#8221;in-from-left&#8221; fade_animation_offset=&#8221;45px&#8221; width=&#8221;1\/1&#8243; id=&#8221;&#8221; class=&#8221;&#8221; style=&#8221;&#8221;]<hr  class=\"x-gap\" style=\"margin: 1.313em 0 0 0;\">[\/vc_column][\/vc_row][vc_row padding_top=&#8221;0px&#8221; padding_bottom=&#8221;0px&#8221; border=&#8221;none&#8221; bg_video=&#8221;&#8221; class=&#8221;&#8221; style=&#8221;&#8221;][vc_column fade_animation=&#8221;in-from-left&#8221; fade_animation_offset=&#8221;45px&#8221; width=&#8221;1\/4&#8243; id=&#8221;&#8221; class=&#8221;&#8221; style=&#8221;&#8221;][vc_btn title=&#8221;Hasiera&#8221; style=&#8221;custom&#8221; custom_background=&#8221;#821317&#8243; custom_text=&#8221;#ffffff&#8221; shape=&#8221;square&#8221; align=&#8221;left&#8221; i_icon_fontawesome=&#8221;fa fa-circle-o-notch&#8221; button_block=&#8221;true&#8221; add_icon=&#8221;true&#8221; link=&#8221;url:https%3A%2F%2Fwww.bilaketa.es%2Feu%2Faoiz-la-villa%2F|title:Hasiera||&#8221;][vc_btn title=&#8221;Herria&#8221; style=&#8221;custom&#8221; custom_background=&#8221;#821317&#8243; custom_text=&#8221;#ffffff&#8221; shape=&#8221;square&#8221; align=&#8221;left&#8221; i_icon_fontawesome=&#8221;fa fa-university&#8221; button_block=&#8221;true&#8221; add_icon=&#8221;true&#8221; link=&#8221;url:https%3A%2F%2Fwww.bilaketa.es%2Feu%2Faoiz-la-villa%2Fherria%2F|title:Herria||&#8221;][vc_btn title=&#8221;Ikusi&#8221; style=&#8221;custom&#8221; custom_background=&#8221;#821317&#8243; custom_text=&#8221;#ffffff&#8221; shape=&#8221;square&#8221; align=&#8221;left&#8221; i_icon_fontawesome=&#8221;fa fa-eye&#8221; button_block=&#8221;true&#8221; add_icon=&#8221;true&#8221; link=&#8221;url:https%3A%2F%2Fwww.bilaketa.es%2Feu%2Faoiz-la-villa%2Fikusi%2F|title:Ikusi||&#8221;][vc_btn title=&#8221;Argazki artxibategia&#8221; style=&#8221;outline-custom&#8221; outline_custom_color=&#8221;#821317&#8243; outline_custom_hover_background=&#8221;#821317&#8243; outline_custom_hover_text=&#8221;#ffffff&#8221; shape=&#8221;square&#8221; align=&#8221;left&#8221; i_icon_fontawesome=&#8221;fa fa-camera-retro&#8221; button_block=&#8221;true&#8221; add_icon=&#8221;true&#8221; link=&#8221;url:https%3A%2F%2Fwww.bilaketa.es%2Feu%2Faoiz-la-villa%2Fikusi%2Fargazki-artxibategia%2F|title:Argazki%20artxibategia||&#8221; css=&#8221;.vc_custom_1497680799721{padding-left: 30px !important;}&#8221;][vc_btn title=&#8221;Bertako biografiak&#8221; style=&#8221;custom&#8221; custom_background=&#8221;#821317&#8243; custom_text=&#8221;#ffffff&#8221; shape=&#8221;square&#8221; align=&#8221;left&#8221; i_type=&#8221;entypo&#8221; i_icon_entypo=&#8221;entypo-icon entypo-icon-feather&#8221; button_block=&#8221;true&#8221; add_icon=&#8221;true&#8221; link=&#8221;url:https%3A%2F%2Fwww.bilaketa.es%2Feu%2Faoiz-la-villa%2Fikusi%2Fbertako-biografiak%2F|title:Bertako%20biografiak||&#8221; css=&#8221;.vc_custom_1497687790740{padding-left: 30px !important;}&#8221;][vc_btn title=&#8221;Bisitatu&#8221; style=&#8221;custom&#8221; custom_background=&#8221;#821317&#8243; custom_text=&#8221;#ffffff&#8221; shape=&#8221;square&#8221; align=&#8221;left&#8221; i_icon_fontawesome=&#8221;fa fa-bullseye&#8221; button_block=&#8221;true&#8221; add_icon=&#8221;true&#8221; link=&#8221;url:https%3A%2F%2Fwww.bilaketa.es%2Feu%2Faoiz-la-villa%2Fbisitatu%2F|title:Bisitatu||&#8221;][\/vc_column][vc_column fade_animation_offset=&#8221;45px&#8221; width=&#8221;3\/4&#8243;]<p>&#8230;Geroago, VI. Batailoi Arinaren musika bandan sartu zen, eta han figle musika-tresna jotzen zuen. Bikain jotzen zuen tresna hori, eta, horren ondorioz, horren musikari tituludun egin zen.\u00a0 Garai honetan hasi zen musika egiten eta hainbat lan egin zituen bandarako, arrakasta handiarekin jo izan zirenak.<br \/>\nHainbat urtez musikari militar aritu zen lanean, eta hainbat taldetan barna ibili zen, noiz eta, lanbide hori utzita, Iru\u00f1era iritsi zen behin betiko gelditzeko.<br \/>\nBerriz ere katedraleko musika kaperan parte hartu zuen, eta han, 15 urte besterik ez zituela, 29. zenbakiko kapilau saria hartu zuen, baxuak ordezkatuz. Gainera, organo-jotzailea eta musikagilea izan zen bertan. 1828ko irailaren 26an eskatu zuen <em>baita eman ere<\/em> 24. zenbakiduna. Hori libre gelditua zen Hilari\u00f3n Eslavak gora egin zuelako Burgo de Osmako katedralera (eta gero Sevillakora eta Madrilgo errege kaperakora ere joan zen). 1829an kapilau sariari uko egin eta, hurrengo urtean, kalonjeak erresumatik ateratzeko lizentzia eman zion.<br \/>\n1830etik 1833ra hainbat musika postutan barna ibili zen Mariano. 1833ko otsailean Valladoliden zegoen eta urte bereko martxoan Iru\u00f1era joan zen, berriz ere katedralera. 1836ko ekainean Iru\u00f1eko katedrala utzi eta Ourenseko erregimentu probintzialean sartu zen. Hainbat hilabete geroago Iru\u00f1era itzuli zen, eta bertan gelditu zen hil arte.<br \/>\nNarcisa Mart\u00ednez andrearekin zegoen ezkonduta, eta hiru seme-alaba zituen: Mauricio, Mar\u00eda Cruz eta Ricardo.<br \/>\nMusika ezagutza handiak izanik, eta nekatu gabe eta maitasunez lanean aritzen zenez, Musika Akademia fundatu zuen. Berak eman zion sostengua hainbat urtez, noiz eta, izen handia lortuta, Iru\u00f1eko Udalak laguntzeko asmoa agertu eta bere bizkar hartu zuen.\u00a0 Iru\u00f1eko Musika Eskolako lehen erregelamendua Udalak onartu zuen 1858ko uztailaren 21ean. <em>Garc\u00eda fue nombrado director, con 6.000 reales anuales de sueldo, el 18 de septiembre..<\/em>. (5).<br \/>\nGarai honetakoak dira bere lan gehienak (Iru\u00f1eko katedralean 118 partitura daude, Santiagokoan 27, Palentziakoan 28 eta beste batzuk Orreagako Kolegiatan), eta Eslavak esan zuenez, <em>oso estimatuak izan ziren bere ideien argitasunez eta erraztasunez, egitura onarengatik, eta, batez ere, gustu onarengatik<\/em>. Horietarik asko, erlijio izaerakoak, Santiagon eta Palentzian daude, baina ia gehienak Iru\u00f1eko katedraleko agiritegian daude. Lan asko egin zituen, haietako batzuk nabarmendu beharrekoak: El Miserere llamado magno, las Siete Palabras (Iru\u00f1eko katedral-funtzioan Dubois egilearen lanak ordezkatu zuen), La Despedida de las Flores de Mayo, La Misa a 8 con coro de Sochantres, Ave maris stella, Stabat Mater dolorosa eta La Misa de la Vela. Azkeneko hori Agoizko parrokiari eskainia zen eta herriko San Miguel abesbatzak abestu zuen lehen aldiz, 1975eko abuztuaren 10ean. Lan hori Fa M. tonalitatean egin zen 4 eta 8 ahotsetarako, eta okestra eta abesbatza mistorako lau ahotsetarako. Festa giroko meza da, Eslavaren estiloaren barnean.<br \/>\nMarianoren lanak asko interpretatu ziren XIX. mendearen erdialdean eta XX. mendearen hasieran. Leocadio Hern\u00e1ndez Ascunceren arabera, egile honen ospea, bere lan batzuei esker, penintsulako esparru guztietara iritsi zen (La m\u00fasica sacra en la historia Pampilonense, Tesoro Sacro Musical. Madril aldizkariann, 1947, 12. zk., 92. or.). Ezagunetako bat izan zen Ama Birjinari egindako agurra, Adios, Reina del cielo izenekoa.<br \/>\nBaina, agian, denetan handiena V\u00ccsperas grandes de San Ferm\u00ccn izenekoa da. 1855ekoak dira eta lau zati dituzte: Deus in adjutorium, Dixit Dominus, Beatus vir eta Magnificat. Uztailaren 6ko arratsaldean jotzen dira San Lorentzo elizan. Egun jotzen den bertsioak gehitu diren bi zati ditu: bata Laudate izenekoa da (1878) eta, bestea, Himno a San Ferm\u00ccn izenekoa, lau ahotsetan eta abesbatzan. Joaqu\u00edn Maya egilearenak dira biak. 1940. urtera arte jo izan ziren eta gero berriz ere sartu ziren. Egun herriaren nortasunaren eta bere tradizioen zati dira.<br \/>\nSan Luis Gonzaga elkartearen ohiko laguntzailea zen, eta horrentzat makina bat jaunartzeko motete, salbe eta beste kantu batzuetarako letra sortu zituen. Lan haiek guztiak izugarri zabaldu ziren herritarren artean eta, aurrekoak bezalaxe, oraindik ere jotzen dira.<br \/>\nBeren lanek oso musika nortasun pertsonala eta berezia agertzen dute; melodiak sentimendu handikoak dira eta, bere harmonizatzea, ongi bukatua eta perfektua.<br \/>\nGizatasunari dagokionez, pertsona ona eta alaia zen eta sekula ez zuen ezezkorik eman mesede bat egiteko orduan. Izateko modu horrek eta ezaguna den bere musika talentu handiak, ezagutu zuten guztien atxikimendua ekarri zioten. Bere heriotzak, 1869ko otsailaren 5ean Iru\u00f1ean gertatu zenak, sakramentu santuak jasota <em>recibidos los santos sacramentos&#8230;<\/em> (6)guztien atsekabea eta negarra eragin zuen.<br \/>\nMariano Garc\u00edak utzi zigun, bere lanez gain, bere izaera alaiko eta espiritu eskuzabaleko oroitzapen atsegina.<\/p>\n<p>___________<br \/>\n(5)\u00a0 Fernando P\u00c8rez Olloren aipua, honako liburu honetan ageri dena: \u00ecMiguel Astrain, el Vals y\u00a0 el Riau-Riau\u00ee.<br \/>\n(6) Iru\u00d2eko San Joan Bataiatzailearen parrokiaren agiritegia. Hildakoen Liburua, 1855etik 1878ra, 132. folioa, 14. jarlekua.<\/p>\n[vc_btn title=&#8221;Biografia gehiago irakurri&#8221; align=&#8221;center&#8221; button_block=&#8221;true&#8221; link=&#8221;url:https%3A%2F%2Fwww.bilaketa.es%2Feu%2Faoiz-la-villa%2Fikusi%2Fbertako-biografiak%2F|title:Bertako%20biografiak||&#8221;][\/vc_column][\/vc_row]\n<\/div>","protected":false},"excerpt":{"rendered":"<p>[vc_row padding_top=&#8221;0px&#8221; padding_bottom=&#8221;0px&#8221; border=&#8221;none&#8221; bg_video=&#8221;&#8221; class=&#8221;&#8221; style=&#8221;&#8221;][vc_column fade_animation=&#8221;in-from-left&#8221; fade_animation_offset=&#8221;45px&#8221; width=&#8221;1\/1&#8243; id=&#8221;&#8221; class=&#8221;&#8221; style=&#8221;&#8221;][\/vc_column][\/vc_row][vc_row padding_top=&#8221;0px&#8221; padding_bottom=&#8221;0px&#8221; border=&#8221;none&#8221; bg_video=&#8221;&#8221; class=&#8221;&#8221; style=&#8221;&#8221;][vc_column fade_animation=&#8221;in-from-left&#8221; fade_animation_offset=&#8221;45px&#8221; width=&#8221;1\/4&#8243; id=&#8221;&#8221; class=&#8221;&#8221; style=&#8221;&#8221;][vc_btn title=&#8221;Hasiera&#8221; style=&#8221;custom&#8221; custom_background=&#8221;#821317&#8243; custom_text=&#8221;#ffffff&#8221; shape=&#8221;square&#8221; align=&#8221;left&#8221; i_icon_fontawesome=&#8221;fa fa-circle-o-notch&#8221; button_block=&#8221;true&#8221; add_icon=&#8221;true&#8221; link=&#8221;url:https%3A%2F%2Fwww.bilaketa.es%2Feu%2Faoiz-la-villa%2F|title:Hasiera||&#8221;][vc_btn title=&#8221;Herria&#8221; style=&#8221;custom&#8221; custom_background=&#8221;#821317&#8243; custom_text=&#8221;#ffffff&#8221; shape=&#8221;square&#8221; align=&#8221;left&#8221; i_icon_fontawesome=&#8221;fa fa-university&#8221; button_block=&#8221;true&#8221; add_icon=&#8221;true&#8221; link=&#8221;url:https%3A%2F%2Fwww.bilaketa.es%2Feu%2Faoiz-la-villa%2Fherria%2F|title:Herria||&#8221;][vc_btn title=&#8221;Ikusi&#8221; style=&#8221;custom&#8221; custom_background=&#8221;#821317&#8243; custom_text=&#8221;#ffffff&#8221; shape=&#8221;square&#8221; align=&#8221;left&#8221; i_icon_fontawesome=&#8221;fa fa-eye&#8221; button_block=&#8221;true&#8221; add_icon=&#8221;true&#8221; link=&#8221;url:https%3A%2F%2Fwww.bilaketa.es%2Feu%2Faoiz-la-villa%2Fikusi%2F|title:Ikusi||&#8221;][vc_btn title=&#8221;Argazki artxibategia&#8221; &#8230;<\/p>\n","protected":false},"author":2,"featured_media":0,"parent":4541,"menu_order":0,"comment_status":"closed","ping_status":"closed","template":"","meta":{"ngg_post_thumbnail":0,"footnotes":""},"class_list":["post-4551","page","type-page","status-publish","hentry","no-post-thumbnail"],"_links":{"self":[{"href":"https:\/\/www.bilaketa.es\/eu\/wp-json\/wp\/v2\/pages\/4551"}],"collection":[{"href":"https:\/\/www.bilaketa.es\/eu\/wp-json\/wp\/v2\/pages"}],"about":[{"href":"https:\/\/www.bilaketa.es\/eu\/wp-json\/wp\/v2\/types\/page"}],"author":[{"embeddable":true,"href":"https:\/\/www.bilaketa.es\/eu\/wp-json\/wp\/v2\/users\/2"}],"replies":[{"embeddable":true,"href":"https:\/\/www.bilaketa.es\/eu\/wp-json\/wp\/v2\/comments?post=4551"}],"version-history":[{"count":4,"href":"https:\/\/www.bilaketa.es\/eu\/wp-json\/wp\/v2\/pages\/4551\/revisions"}],"predecessor-version":[{"id":4713,"href":"https:\/\/www.bilaketa.es\/eu\/wp-json\/wp\/v2\/pages\/4551\/revisions\/4713"}],"up":[{"embeddable":true,"href":"https:\/\/www.bilaketa.es\/eu\/wp-json\/wp\/v2\/pages\/4541"}],"wp:attachment":[{"href":"https:\/\/www.bilaketa.es\/eu\/wp-json\/wp\/v2\/media?parent=4551"}],"curies":[{"name":"wp","href":"https:\/\/api.w.org\/{rel}","templated":true}]}}

Mariano García y Zalba

<div class="wpb-content-wrapper">[vc_row padding_top=&#8221;0px&#8221; padding_bottom=&#8221;0px&#8221; border=&#8221;none&#8221; bg_video=&#8221;&#8221; class=&#8221;&#8221; style=&#8221;&#8221;][vc_column fade_animation=&#8221;in-from-left&#8221; fade_animation_offset=&#8221;45px&#8221; width=&#8221;1/1&#8243; id=&#8221;&#8221; class=&#8221;&#8221; style=&#8221;&#8221;]<hr  class="x-gap" style="margin: 1.313em 0 0 0;">[/vc_column][/vc_row][vc_row padding_top=&#8221;0px&#8221; padding_bottom=&#8221;0px&#8221; border=&#8221;none&#8221; bg_video=&#8221;&#8221; class=&#8221;&#8221; style=&#8221;&#8221;][vc_column fade_animation=&#8221;in-from-left&#8221; fade_animation_offset=&#8221;45px&#8221; width=&#8221;1/4&#8243; id=&#8221;&#8221; class=&#8221;&#8221; style=&#8221;&#8221;][vc_btn title=&#8221;Hasiera&#8221; style=&#8221;custom&#8221; custom_background=&#8221;#821317&#8243; custom_text=&#8221;#ffffff&#8221; shape=&#8221;square&#8221; align=&#8221;left&#8221; i_icon_fontawesome=&#8221;fa fa-circle-o-notch&#8221; button_block=&#8221;true&#8221; add_icon=&#8221;true&#8221; link=&#8221;url:https%3A%2F%2Fwww.bilaketa.es%2Feu%2Faoiz-la-villa%2F|title:Hasiera||&#8221;][vc_btn title=&#8221;Herria&#8221; style=&#8221;custom&#8221; custom_background=&#8221;#821317&#8243; custom_text=&#8221;#ffffff&#8221; shape=&#8221;square&#8221; align=&#8221;left&#8221; i_icon_fontawesome=&#8221;fa fa-university&#8221; button_block=&#8221;true&#8221; add_icon=&#8221;true&#8221; link=&#8221;url:https%3A%2F%2Fwww.bilaketa.es%2Feu%2Faoiz-la-villa%2Fherria%2F|title:Herria||&#8221;][vc_btn title=&#8221;Ikusi&#8221; style=&#8221;custom&#8221; custom_background=&#8221;#821317&#8243; custom_text=&#8221;#ffffff&#8221; shape=&#8221;square&#8221; align=&#8221;left&#8221; i_icon_fontawesome=&#8221;fa fa-eye&#8221; button_block=&#8221;true&#8221; add_icon=&#8221;true&#8221; link=&#8221;url:https%3A%2F%2Fwww.bilaketa.es%2Feu%2Faoiz-la-villa%2Fikusi%2F|title:Ikusi||&#8221;][vc_btn title=&#8221;Argazki artxibategia&#8221; style=&#8221;outline-custom&#8221; outline_custom_color=&#8221;#821317&#8243; outline_custom_hover_background=&#8221;#821317&#8243; outline_custom_hover_text=&#8221;#ffffff&#8221; shape=&#8221;square&#8221; align=&#8221;left&#8221; i_icon_fontawesome=&#8221;fa fa-camera-retro&#8221; button_block=&#8221;true&#8221; add_icon=&#8221;true&#8221; link=&#8221;url:https%3A%2F%2Fwww.bilaketa.es%2Feu%2Faoiz-la-villa%2Fikusi%2Fargazki-artxibategia%2F|title:Argazki%20artxibategia||&#8221; css=&#8221;.vc_custom_1497680799721{padding-left: 30px !important;}&#8221;][vc_btn title=&#8221;Bertako biografiak&#8221; style=&#8221;custom&#8221; custom_background=&#8221;#821317&#8243; custom_text=&#8221;#ffffff&#8221; shape=&#8221;square&#8221; align=&#8221;left&#8221; i_type=&#8221;entypo&#8221; i_icon_entypo=&#8221;entypo-icon entypo-icon-feather&#8221; button_block=&#8221;true&#8221; add_icon=&#8221;true&#8221; link=&#8221;url:https%3A%2F%2Fwww.bilaketa.es%2Feu%2Faoiz-la-villa%2Fikusi%2Fbertako-biografiak%2F|title:Bertako%20biografiak||&#8221; css=&#8221;.vc_custom_1497687790740{padding-left: 30px !important;}&#8221;][vc_btn title=&#8221;Bisitatu&#8221; style=&#8221;custom&#8221; custom_background=&#8221;#821317&#8243; custom_text=&#8221;#ffffff&#8221; shape=&#8221;square&#8221; align=&#8221;left&#8221; i_icon_fontawesome=&#8221;fa fa-bullseye&#8221; button_block=&#8221;true&#8221; add_icon=&#8221;true&#8221; link=&#8221;url:https%3A%2F%2Fwww.bilaketa.es%2Feu%2Faoiz-la-villa%2Fbisitatu%2F|title:Bisitatu||&#8221;][/vc_column][vc_column fade_animation_offset=&#8221;45px&#8221; width=&#8221;3/4&#8243;]<p>&#8230;Geroago, VI. Batailoi Arinaren musika bandan sartu zen, eta han figle musika-tresna jotzen zuen. Bikain jotzen zuen tresna hori, eta, horren ondorioz, horren musikari tituludun egin zen.  Garai honetan hasi zen musika egiten eta hainbat lan egin zituen bandarako, arrakasta handiarekin jo izan zirenak.<br />
Hainbat urtez musikari militar aritu zen lanean, eta hainbat taldetan barna ibili zen, noiz eta, lanbide hori utzita, Iruñera iritsi zen behin betiko gelditzeko.<br />
Berriz ere katedraleko musika kaperan parte hartu zuen, eta han, 15 urte besterik ez zituela, 29. zenbakiko kapilau saria hartu zuen, baxuak ordezkatuz. Gainera, organo-jotzailea eta musikagilea izan zen bertan. 1828ko irailaren 26an eskatu zuen <em>baita eman ere</em> 24. zenbakiduna. Hori libre gelditua zen Hilarión Eslavak gora egin zuelako Burgo de Osmako katedralera (eta gero Sevillakora eta Madrilgo errege kaperakora ere joan zen). 1829an kapilau sariari uko egin eta, hurrengo urtean, kalonjeak erresumatik ateratzeko lizentzia eman zion.<br />
1830etik 1833ra hainbat musika postutan barna ibili zen Mariano. 1833ko otsailean Valladoliden zegoen eta urte bereko martxoan Iruñera joan zen, berriz ere katedralera. 1836ko ekainean Iruñeko katedrala utzi eta Ourenseko erregimentu probintzialean sartu zen. Hainbat hilabete geroago Iruñera itzuli zen, eta bertan gelditu zen hil arte.<br />
Narcisa Martínez andrearekin zegoen ezkonduta, eta hiru seme-alaba zituen: Mauricio, María Cruz eta Ricardo.<br />
Musika ezagutza handiak izanik, eta nekatu gabe eta maitasunez lanean aritzen zenez, Musika Akademia fundatu zuen. Berak eman zion sostengua hainbat urtez, noiz eta, izen handia lortuta, Iruñeko Udalak laguntzeko asmoa agertu eta bere bizkar hartu zuen.  Iruñeko Musika Eskolako lehen erregelamendua Udalak onartu zuen 1858ko uztailaren 21ean. <em>García fue nombrado director, con 6.000 reales anuales de sueldo, el 18 de septiembre..</em>. (5).<br />
Garai honetakoak dira bere lan gehienak (Iruñeko katedralean 118 partitura daude, Santiagokoan 27, Palentziakoan 28 eta beste batzuk Orreagako Kolegiatan), eta Eslavak esan zuenez, <em>oso estimatuak izan ziren bere ideien argitasunez eta erraztasunez, egitura onarengatik, eta, batez ere, gustu onarengatik</em>. Horietarik asko, erlijio izaerakoak, Santiagon eta Palentzian daude, baina ia gehienak Iruñeko katedraleko agiritegian daude. Lan asko egin zituen, haietako batzuk nabarmendu beharrekoak: El Miserere llamado magno, las Siete Palabras (Iruñeko katedral-funtzioan Dubois egilearen lanak ordezkatu zuen), La Despedida de las Flores de Mayo, La Misa a 8 con coro de Sochantres, Ave maris stella, Stabat Mater dolorosa eta La Misa de la Vela. Azkeneko hori Agoizko parrokiari eskainia zen eta herriko San Miguel abesbatzak abestu zuen lehen aldiz, 1975eko abuztuaren 10ean. Lan hori Fa M. tonalitatean egin zen 4 eta 8 ahotsetarako, eta okestra eta abesbatza mistorako lau ahotsetarako. Festa giroko meza da, Eslavaren estiloaren barnean.<br />
Marianoren lanak asko interpretatu ziren XIX. mendearen erdialdean eta XX. mendearen hasieran. Leocadio Hernández Ascunceren arabera, egile honen ospea, bere lan batzuei esker, penintsulako esparru guztietara iritsi zen (La música sacra en la historia Pampilonense, Tesoro Sacro Musical. Madril aldizkariann, 1947, 12. zk., 92. or.). Ezagunetako bat izan zen Ama Birjinari egindako agurra, Adios, Reina del cielo izenekoa.<br />
Baina, agian, denetan handiena VÌsperas grandes de San FermÌn izenekoa da. 1855ekoak dira eta lau zati dituzte: Deus in adjutorium, Dixit Dominus, Beatus vir eta Magnificat. Uztailaren 6ko arratsaldean jotzen dira San Lorentzo elizan. Egun jotzen den bertsioak gehitu diren bi zati ditu: bata Laudate izenekoa da (1878) eta, bestea, Himno a San FermÌn izenekoa, lau ahotsetan eta abesbatzan. Joaquín Maya egilearenak dira biak. 1940. urtera arte jo izan ziren eta gero berriz ere sartu ziren. Egun herriaren nortasunaren eta bere tradizioen zati dira.<br />
San Luis Gonzaga elkartearen ohiko laguntzailea zen, eta horrentzat makina bat jaunartzeko motete, salbe eta beste kantu batzuetarako letra sortu zituen. Lan haiek guztiak izugarri zabaldu ziren herritarren artean eta, aurrekoak bezalaxe, oraindik ere jotzen dira.<br />
Beren lanek oso musika nortasun pertsonala eta berezia agertzen dute; melodiak sentimendu handikoak dira eta, bere harmonizatzea, ongi bukatua eta perfektua.<br />
Gizatasunari dagokionez, pertsona ona eta alaia zen eta sekula ez zuen ezezkorik eman mesede bat egiteko orduan. Izateko modu horrek eta ezaguna den bere musika talentu handiak, ezagutu zuten guztien atxikimendua ekarri zioten. Bere heriotzak, 1869ko otsailaren 5ean Iruñean gertatu zenak, sakramentu santuak jasota <em>recibidos los santos sacramentos&#8230;</em> (6)guztien atsekabea eta negarra eragin zuen.<br />
Mariano Garcíak utzi zigun, bere lanez gain, bere izaera alaiko eta espiritu eskuzabaleko oroitzapen atsegina.</p>
<p>___________<br />
(5)  Fernando PÈrez Olloren aipua, honako liburu honetan ageri dena: ìMiguel Astrain, el Vals y  el Riau-Riauî.<br />
(6) IruÒeko San Joan Bataiatzailearen parrokiaren agiritegia. Hildakoen Liburua, 1855etik 1878ra, 132. folioa, 14. jarlekua.</p>
[vc_btn title=&#8221;Biografia gehiago irakurri&#8221; align=&#8221;center&#8221; button_block=&#8221;true&#8221; link=&#8221;url:https%3A%2F%2Fwww.bilaketa.es%2Feu%2Faoiz-la-villa%2Fikusi%2Fbertako-biografiak%2F|title:Bertako%20biografiak||&#8221;][/vc_column][/vc_row]
</div>
